- 5 = -4*g + 1. Suppose 5*v - 11 - 14 = g. What is the units digit of v?
5
Suppose z - 5*z = -300. What is the tens digit of z?
7
Let b(z) = z**3 + z**2 - 2. Let p be b(-2). Let o = 7 + p. What is the units digit of o?
1
What is the tens digit of (6 - 12)*24/(-9)?
1
Suppose 3*s - 5 = 1. What is the units digit of (s/(-5))/(2/(-60))?
2
Let t = 57 - 41. What is the units digit of t?
6
Let d be 3 - 21 - 1*-4. Suppose -372 = 2*q - 5*f, -5*f - 327 - 45 = 2*q. What is the units digit of q/d - 4/14?
3
Let s be (-1)/(-3) + (-276)/(-9). Suppose -7 + s = 2*w. What is the tens digit of w?
1
What is the tens digit of 2*1 - 60/(-5)?
1
Suppose 3*u - 3 = -24. Let k(t) = -2*t - 5. Let z be k(u). Suppose i - z = 5*m, 5*i + 3*m = 18 + 27. What is the units digit of i?
9
Suppose -6*q + 116 = -2*q. What is the units digit of q?
9
Suppose 3*d + 5*r - 684 = 0, 3*d + 2*r = 428 + 256. Let o be 4/(-6) - d/9. Let h = 46 + o. What is the tens digit of h?
2
Let b = 57 - -41. What is the units digit of b?
8
Suppose -d + 0 = -11. Let l = 7 + d. What is the tens digit of l?
1
Suppose 0 = -5*a - 3*g + 144, 37 = a - 4*g - 1. What is the units digit of a?
0
Let b(p) = 3*p**2 + p - 4. What is the units digit of b(4)?
8
Let v be -3 + 4/2 + 5. Let u(b) = -b + 9. What is the units digit of u(v)?
5
Let a(l) = -10*l**2 - l. Let k be a(-1). Let u = k + 9. Suppose s + u = 8. What is the units digit of s?
8
Let b(o) = 11*o**3 + 4*o - 1. Let s(x) = x. Let d(t) = b(t) - 3*s(t). Let w(q) = -q**3 + 6*q**2 - 4*q - 4. Let g be w(5). What is the tens digit of d(g)?
1
Let y be (-1*3)/(12/16). What is the units digit of (0 - y)/(2/4)?
8
Let a(r) = r - 5. Let j(o) = -o**3 - 3*o**2 - o - 4. Let b be j(-4). Let t = 23 - b. What is the units digit of a(t)?
2
Let l = 58 - 57. What is the units digit of l?
1
Suppose 0*m - 40 = -5*m. Suppose m*c = 4*c + 40. What is the tens digit of c?
1
Let g(k) = -1. Let h(i) = -i. Let t be 2*(15/6)/5. Let q(o) = t*g(o) + 2*h(o). What is the units digit of q(-5)?
9
Suppose 328 = 3*a - 5*o, -a + 0*a - 5*o + 76 = 0. What is the tens digit of a?
0
Let h be (4 - 2)*(-2)/4. Let t = h - -2. Suppose -r = -5*d + r + t, 2*d + 2*r - 6 = 0. What is the units digit of d?
1
Suppose -10*g + 7*g + 27 = 0. What is the units digit of g?
9
Suppose 5*d - 6*d + t + 312 = 0, t = 2*d - 625. What is the tens digit of d?
1
What is the units digit of 2/(-4) - 173/(-2)?
6
What is the tens digit of (-2 + 4)*35/2?
3
What is the units digit of (-2)/(-1) + 0 + 161 + 2?
5
Suppose -2*f - p + 450 = -29, 2*f + 4*p - 464 = 0. What is the hundreds digit of f?
2
Suppose -4*g + 34 = -6. Suppose -g - 10 = -j. What is the tens digit of j?
2
Suppose -5*h + h = -36. Let y = h + -5. What is the units digit of y?
4
Suppose 11 = 4*h - 17. What is the units digit of h?
7
Suppose n = 26 + 3. What is the units digit of n?
9
Let p = -7 + 2. Let a = p - -7. Let v(s) = 2*s**2 - 4*s + 2. What is the units digit of v(a)?
2
Suppose 5*x - 5*v = 0, -x - 5*v + 24 = -0*x. Let d = 5 - x. Let k = d - 0. What is the units digit of k?
1
Suppose -3*t = 2*k - 1 - 3, 5*k = -3*t - 8. Suppose 0 = -3*v + 3*p + 22 + 8, -t*p = -12. What is the units digit of v?
3
Let m = -10 + 14. Suppose -16 = -4*f - w + 43, -49 = -3*f + m*w. Suppose 2*j - f = -j. What is the units digit of j?
5
Suppose 4*g = 5 + 3. Suppose 3*u - 28 = -4*j - 3, -g*j = -5*u + 7. Suppose -5*p = -i - 23, -5*p = -2*p + j*i. What is the units digit of p?
4
Suppose 5*b + d = -0*b + 505, -d = 3*b - 301. What is the hundreds digit of b?
1
Let p(d) be the second derivative of d**4/12 + 11*d**3/6 - 3*d**2/2 - 4*d. What is the units digit of p(-12)?
9
Let q be -7 - -10 - (-162)/1. Suppose q = 8*a - 3*a. What is the tens digit of a?
3
Let m(n) = -n**3 - 3*n**2 - 2*n + 1. What is the units digit of m(-3)?
7
Suppose -2*l - 4 = 2*a - 6*l, 3*a = -4*l + 4. Suppose a = -5*n + 11 - 1. Suppose n*t - 19 = -3*v - 2, 3*v = -4*t + 25. What is the units digit of t?
4
Let a(q) = 22*q**2 + 8*q - 3. What is the tens digit of a(3)?
1
Let r(d) = 9*d**2 + 16*d - 6. What is the units digit of r(-5)?
9
Let t(x) = 63*x**2 + 3*x. What is the units digit of t(-1)?
0
Suppose k = -5*g + 2*k + 33, -2*k - 6 = 0. Suppose -5*b + z - g*z = -35, 28 = 4*b - 2*z. What is the units digit of b?
7
Let b(o) = 11*o**3 + 2*o - 1. Let s be b(1). Suppose 4*w - s = -2*n + 10, 4*w - 5*n - 29 = 0. What is the units digit of w?
6
Suppose -273 = -2*x - 5*x. What is the tens digit of x?
3
Let f = 31 - 55. What is the tens digit of (-2)/4*2 - f?
2
Suppose 0*q + 2*v = 2*q - 712, 5*q + 4*v - 1780 = 0. What is the tens digit of q?
5
Let q be 6/9 + 2/(-3). Suppose -3*z + 12 + q = 0. What is the units digit of z?
4
What is the tens digit of 1 + -2 + 21 + -1?
1
Let y(c) = -9*c + 1. What is the units digit of y(-4)?
7
Let d(u) = -u**3 + 7*u**2 - 4*u - 6. What is the units digit of d(6)?
6
Let y(v) = 5*v**2 - 5*v + 26. What is the hundreds digit of y(6)?
1
Let c be ((-3)/(-9))/(1/6). Let u = 5 + c. Let t = 12 - u. What is the units digit of t?
5
Let l(p) = 3*p - 2*p + 3*p - 5*p - 7. What is the units digit of l(-8)?
1
Let y = 230 - 96. What is the hundreds digit of y?
1
Suppose 5*w - 2*b + 2 = 0, 4*w = -0*w + 5*b - 5. Suppose 0 = -5*z - w*k + 4*k + 166, 0 = 4*k - 4. What is the tens digit of z?
3
Let s = 4 + -5. Let t be 4 + s - 2*10. Let c = -12 - t. What is the units digit of c?
5
Let x be (-81)/15*5/(-1). Let j = x + -43. Let k = -10 - j. What is the units digit of k?
6
Suppose -26 = 4*g - 2. Let h = g - -5. Let k = h + 4. What is the units digit of k?
3
Let n = 96 + -66. Suppose 3*c + 2*c - n = 0. What is the units digit of c?
6
Suppose 4*y - 19 = 13. What is the tens digit of (-77)/(-4) + (-2)/y?
1
What is the units digit of (-3)/(24/(-352)) - (2 - 5)?
7
Let p be (1 + -2)*(-5 + 1). Suppose p*q - 2 = 3*j + 7, -8 = 4*j - 4*q. What is the units digit of j?
1
What is the tens digit of (-316)/(-16)*8 - 3/1?
5
Let n(s) = 2*s + 1. Let j be n(5). Let c be (1 - 2)*(3 + -7). Suppose -4*q = 3*x - 29, -3*q = c*x - j - 9. What is the units digit of q?
8
Suppose 0*b + 2 = -2*b. Let l(m) = m**2 - 1. Let s be l(b). Suppose s = r - 2 - 3. What is the units digit of r?
5
Let b = -1 + 4. Suppose -3*w - 3 = 3*l - 0*l, 3*l + 1 = -w. Suppose 3*q - 5*m = 20, l*m + 13 = 2*q - b*m. What is the units digit of q?
5
Suppose -2*z = 0, 4*z = -5*p - 18 + 88. What is the units digit of p?
4
Suppose -21 = -5*o - 3*t + 47, -5*o = -5*t - 60. What is the units digit of o?
3
Let x = -2 - -7. Let w be 6/(14/12 + -1). Suppose -4*j + j = x*v - w, 4*v = -4*j + 24. What is the units digit of v?
9
Let i = -48 - -54. What is the units digit of i?
6
Let z = 430 - 217. What is the hundreds digit of z?
2
Let r = -20 - -29. What is the units digit of r?
9
Let g = -4 + 7. Let d be 1 + (1*-9)/g. What is the units digit of 1 - (0 + 2 + d)?
1
Let o be (0/(-1) - 3) + -31. Let z = -17 - o. What is the tens digit of z?
1
Let a(x) be the first derivative of x**3/3 - x**2 + x - 20. Let u be (2/(-4))/(1/(-8)). What is the units digit of a(u)?
9
Let s(g) = -g + 18. Let v be s(15). Suppose v*f - 7*a = -3*a + 25, a - 35 = -2*f. What is the units digit of f?
5
Suppose 4*p - 220 = -4*w, 2*p + 160 = -w + 4*w. Suppose 5*b - 2*n - 75 = 3*n, 2*n - w = -5*b. Let x = -5 + b. What is the units digit of x?
7
Suppose -1 - 6 = -n + t, 5*n = 2*t + 23. Suppose -n*d + 70 = -d. What is the tens digit of d?
3
What is the hundreds digit of (9/3)/(2/130)?
1
Suppose 5*s - 224 = 36. Suppose -4*g + i + s = -2*i, -g + 8 = -2*i. What is the units digit of g?
6
Let l be (-4)/((-44)/12 + 4). What is the tens digit of (-116)/(-6) + (-8)/l?
2
Let n(b) = 6*b**2 + 12. What is the hundreds digit of n(5)?
1
Suppose -3*p + 82 + 8 = 0. What is the units digit of p?
0
What is the hundreds digit of (-952 - -1)*11/(-33)?
3
Let j(c) = c + 7. Suppose -2*r + 1 + 1 = 0. Let t be 5*-1*1/r. What is the units digit of j(t)?
2
Let f = 6 - 2. Suppose 2*d - d - x + 15 = 0, -2*x = -f*d - 60. What is the units digit of (-84)/d + 4/10?
6
Let x(s) = 3*s**3 - 5*s**2 + 2*s. Let q be x(3). Suppose 0 = -3*i - 0*i + q. What is the tens digit of i?
1
Let v(x) = -x**3 - 5*x**2 + x + 6. Let r be (-5)/(10/(-4)) - 7. What is the units digit of v(r)?
1
Let n = 141 + -58. What is the tens digit of n?
8
Suppose w = 3*n + 2*n - 87, 4*n = -5*w + 58.